eatest common divisor of 8092 and 1070456?
1156
Calculate the highest common divisor of 50 and 182110.
10
What is the greatest common factor of 40 and 1462?
2
Calculate the highest common divisor of 21869 and 1007.
19
What is the highest common factor of 101 and 143723?
101
Calculate the highest common divisor of 8675 and 275.
25
What is the highest common factor of 51993 and 27?
9
Calculate the highest common divisor of 320 and 234240.
320
What is the greatest common factor of 27 and 32?
1
What is the greatest common factor of 528 and 10128?
48
What is the highest common factor of 5244 and 798?
114
Calculate the highest common factor of 143559 and 26.
13
Calculate the highest common factor of 293572 and 92.
92
Calculate the highest common divisor of 6024 and 78912.
24
Calculate the highest common factor of 12 and 35817.
3
Calculate the highest common divisor of 152 and 42788.
76
Calculate the highest common factor of 6826 and 4.
2
What is the greatest common factor of 30175 and 497?
71
Calculate the highest common factor of 112953 and 897.
69
What is the highest common factor of 244309 and 26?
13
Calculate the highest common factor of 51909 and 16159.
143
What is the highest common factor of 22136 and 24?
8
Calculate the highest common divisor of 236780 and 12.
4
Calculate the greatest common factor of 9 and 17448.
3
Calculate the greatest common factor of 3984 and 6723.
249
Calculate the highest common factor of 132 and 5379.
33
What is the highest common divisor of 695 and 6394?
139
Calculate the highest common divisor of 641 and 53.
1
What is the highest common divisor of 208 and 300716?
52
What is the highest common divisor of 8848 and 2844?
316
What is the greatest common factor of 4466 and 174290?
58
What is the greatest common factor of 175435 and 520?
65
Calculate the highest common divisor of 2813122 and 78.
26
Calculate the greatest common factor of 1674 and 3624.
6
Calculate the greatest common divisor of 24839 and 1684.
421
What is the highest common factor of 434 and 34844?
62
What is the greatest common factor of 1364 and 36487?
341
Calculate the greatest common divisor of 135504 and 288.
144
What is the highest common divisor of 2992 and 539?
11
Calculate the greatest common factor of 46 and 250.
2
Calculate the greatest common divisor of 326 and 121598.
326
What is the highest common divisor of 35 and 255416?
7
Calculate the greatest common divisor of 486 and 4986.
18
What is the highest common divisor of 3 and 10933?
1
What is the highest common factor of 2961 and 2037?
21
Calculate the highest common factor of 443904 and 25296.
816
Calculate the greatest common divisor of 5931217 and 23.
23
What is the highest common divisor of 9860 and 22620?
580
What is the highest common divisor of 1097898 and 164?
82
Calculate the highest common divisor of 12 and 22002.
6
What is the greatest common divisor of 72 and 11944?
8
Calculate the highest common divisor of 1770 and 23070.
30
Calculate the highest common divisor of 196 and 3924900.
196
Calculate the greatest common divisor of 252 and 897764.
28
What is the greatest common factor of 30 and 53290?
10
Calculate the highest common factor of 13968 and 342.
18
What is the greatest common divisor of 16 and 148920?
8
Calculate the highest common divisor of 646 and 349144.
38
Calculate the highest common divisor of 6 and 453.
3
What is the highest common divisor of 2 and 340453?
1
Calculate the greatest common divisor of 118397 and 3152.
197
Calculate the greatest common factor of 1843 and 798.
19
Calculate the highest common factor of 370292 and 12.
4
What is the greatest common divisor of 300 and 42700?
100
Calculate the highest common factor of 42 and 136.
2
What is the highest common factor of 1339 and 5047?
103
Calculate the highest common divisor of 8576020 and 10.
10
What is the highest common divisor of 30 and 32030?
10
What is the highest common divisor of 1592673 and 489?
489
Calculate the greatest common divisor of 522 and 198846.
18
What is the greatest common factor of 326 and 151427?
163
Calculate the greatest common divisor of 290841 and 174.
87
What is the highest common factor of 746730 and 90?
90
What is the highest common factor of 45 and 9465?
15
What is the highest common factor of 872 and 9976?
8
What is the greatest common divisor of 10900 and 37550?
50
What is the greatest common factor of 8896 and 1436?
4
What is the highest common divisor of 85306 and 26?
26
Calculate the highest common divisor of 836 and 488851.
209
What is the highest common factor of 39844 and 14?
14
What is the highest common divisor of 213705 and 3105?
135
Calculate the greatest common factor of 37557 and 749.
107
Calculate the greatest common divisor of 133888 and 128.
128
What is the greatest common factor of 3045 and 4599?
21
What is the highest common divisor of 270 and 2254170?
30
What is the greatest common factor of 466 and 11?
1
What is the greatest common divisor of 18370 and 5302?
22
Calculate the highest common divisor of 10721 and 284.
71
What is the highest common factor of 19235 and 110?
5
What is the greatest common factor of 355 and 9017?
71
What is the greatest common factor of 2 and 381253?
1
Calculate the greatest common divisor of 8200 and 24.
8
Calculate the greatest common factor of 1133 and 1957.
103
What is the greatest common factor of 248 and 1336?
8
Calculate the greatest common factor of 21066 and 12.
6
Calculate the highest common factor of 261097 and 191.
191
What is the highest common divisor of 108 and 107748?
36
Calculate the greatest common divisor of 2854787 and 13.
13
What is the highest common factor of 683517 and 1491?
213
What is the greatest common divisor of 81 and 96?
3
Calculate the greatest common factor of 563 and 1.
1
Calculate the greatest common divisor of 8000 and 192.
64
Calculate the greatest common factor of 268383 and 1233.
411
What is the highest common factor of 963 and 519485?
107
What is the highest common divisor of 111267 and 261?
9
What is the highest common factor of 4 and 512674?
2
What is the greatest common factor of 629 and 4131?
17
Calculate the greatest common divisor of 114665 and 170.
85
Calculate the highest common factor of 489814 and 26.
26
Calculate the greatest common factor of 55 and 6219.
1
Calculate the highest common factor of 15322 and 41360.
94
Calculate the highest common factor of 286 and 243958.
286
Calculate the greatest common factor of 909570 and 270.
30
Calculate the greatest common divisor of 290404 and 20540.
316
What is the highest common factor of 84 and 44079?
21
What is the highest common divisor of 40308 and 12?
12
Calculate the highest common factor of 33 and 135685.
11
What is the greatest common divisor of 25 and 1179650?
25
Calculate the highest common divisor of 28329 and 231.
21
Calculate the highest common divisor of 22 and 34474.
22
What is the highest common divisor of 505 and 1195?
5
What is the greatest common divisor of 315484 and 52?
52
Calculate the greatest common factor of 611 and 26743.
47
Calculate the highest common divisor of 890 and 385.
5
What is the greatest common divisor of 630 and 13482?
126
What is the greatest common factor of 3406 and 63232?
26
Calculate the highest common factor of 10116 and 231825.
843
Calculate the greatest common divisor of 2660 and 13930.
70
What is the highest common divisor of 450 and 14967?
9
What is the highest common divisor of 17134 and 1040?
26
What is the greatest common divisor of 6394959 and 558?
279
Calculate the highest common factor of 212 and 774860.
212
What is the greatest common divisor of 4750 and 725?
25
What is the greatest common factor of 202601 and 103?
103
What is the highest common divisor of 1205 and 135?
5
Calculate the greatest common factor of 702 and 3302.
26
What is the highest common factor of 242375 and 277?
277
Calculate the highest common divisor of 1589 and 26912893.
1589
What is the highest common divisor of 393834 and 798?
42
Calculate the greatest common factor of 6110 and 715.
65
What is the highest common factor of 370296 and 111?
111
What is the greatest common divisor of 31 and 38998?
31
What is the highest common factor of 1938 and 30141?
51
Calculate the greatest common divisor of 132066 and 69948.
5